the remainder when ((-1)/(-2))/((-2)/(-120)) is divided by (-2 - (13 - 11) - 4)*-1.
6
Suppose 86*q + 4*m = 90*q - 2368, q - 2*m = 583. What is the remainder when 632 is divided by q?
31
Suppose -7*n + 2*n + 25 = 0. Suppose -5*l = -n*b - 21 + 101, -b + 18 = -2*l. Calculate the remainder when b is divided by 7.
0
Suppose -2*d - 86 = -2*q, 38 + 99 = 3*q + 5*d. What is the remainder when 88 is divided by (q/(-33))/((-12)/171)?
12
Suppose z - 788 = 4*m, -2*z + 5*m = 10*m - 1615. Calculate the remainder when z is divided by 287.
226
Let l(x) = x**2 + 25*x + 158. Suppose 7*a - 5*a = -16. What is the remainder when 549 is divided by l(a)?
21
Let n be (-2 + -3)/(-1 - -2 - 2). Suppose -n*l - 2191 = -12*l. Calculate the remainder when l is divided by 63.
61
Let k = 42 - 37. Suppose k*v - 2630 = -0*v + p, 0 = 4*v - p - 2104. What is the remainder when v is divided by 23?
20
Let c(z) = -22*z - 1331. What is the remainder when 42 is divided by c(-62)?
9
Suppose 2*n + 2*n - 367 = -5*p, 0 = -2*n + 6. Suppose -5*o = -311 + p. What is the remainder when o is divided by 10?
8
Suppose 4*n - 25 + 9 = 0. Suppose 3*q = -7*q + n*q. Suppose q*i - 33 = -i. Calculate the remainder when 62 is divided by i.
29
Let b(g) = -2*g**2 + 2*g + 239. Let y be b(-19). Let n = y - -541. Calculate the remainder when 253 is divided by n.
13
Suppose -26*h + 20*h + 210 = 0. Suppose -4*b - b = 0. What is the remainder when h is divided by 0 + (b - 1*-12)?
11
Let b = -1811 + 1823. What is the remainder when 81 is divided by b?
9
Let s(q) = -q**3 - 14*q**2 + 14*q - 17. Let i be s(-15). Let h = i - -4. Let j(f) = -f**2 - 2*f + 11. What is the remainder when 66 is divided by j(h)?
0
Let c be 0 + (4 + 2 - 3). Let l be (-36)/(-2)*(29/c)/1. Let i = -67 + l. Calculate the remainder when i is divided by 22.
19
Let s = -17 + 38. Suppose -25*j + 8 = -s*j. What is the remainder when 61 is divided by (-3)/((-92)/(-52) - j)?
9
Suppose -3*m = -5*o + 487, -m + 78 + 433 = 5*o. Calculate the remainder when 279 is divided by o.
77
Suppose -327 = -4*b + 5*f, -5*f + 120 = 3*b - 134. Suppose 231 = 4*h + b. What is the remainder when h is divided by 15?
7
Suppose -18*g - 240 = -780. Suppose 0 = 6*j - 3*j - 9. Calculate the remainder when 266/j - (-18)/(-27) is divided by g.
28
Let b = 573 + -441. What is the remainder when 281 is divided by b?
17
Suppose 0 = 5*m + 25, 4*m - 479 + 190 = -3*h. What is the remainder when h is divided by 73?
30
Suppose -2710 = -12*d - 274. Let t be 1 + (-1 - -1) + 85 - -2. Suppose 2*o - t = 4*z, 4*o + z - 216 = -z. What is the remainder when d is divided by o?
47
Let i(q) be the second derivative of 0 - 9*q**2 + 1/3*q**3 - q**4 + 1/20*q**5 - 18*q. What is the remainder when i(12) is divided by 3?
0
Suppose -2*m + 2*n = 10, 2*m - 3*n + 5 = -4. Calculate the remainder when m/(-9) + 1300/12 is divided by 17.
7
Let r = -68 - -114. Suppose 8038 + 30680 = 54*s. Let p = s - 700. Calculate the remainder when r is divided by p.
12
Suppose 705*y = 684*y + 4104 - 1437. What is the remainder when 395 is divided by y?
14
Suppose 2*h + 3*x = 68, 32*h - 36*h + 138 = 5*x. Suppose 565 + 177 = 7*m. Calculate the remainder when m is divided by h.
32
Let t = 28 - 5. Calculate the remainder when ((3 + -5)*-1)/((-116)/(-3074)) is divided by t.
7
Let g(p) = -4*p + p**3 + 10*p - 9*p + 6. Let m be g(-5). What is the remainder when 24 is divided by (m/8)/(2*1/(-2))?
11
Let t(x) = -30*x + 2165. What is the remainder when 252 is divided by t(70)?
57
Suppose -35 = 5*p, 2*x - 3*p = 7222 + 3063. What is the remainder when x is divided by 87?
86
Let v be 24/18*(-15)/(-2). Let y(k) = 8*k - 24. Let n be y(v). Suppose -3*j + n = 4*r, -4*j = 5 + 11. What is the remainder when r is divided by 11?
6
Let g = 264 - 460. Let a = g - -224. Calculate the remainder when 76 is divided by a.
20
Let x = 672 + -672. Suppose x = 336*h - 346*h + 260. Let g(m) = -13*m - 3. Calculate the remainder when g(-6) is divided by h.
23
Let c(k) = 2*k**2 - 17*k - 6. Let z be c(12). Let t = z - 46. Let n(g) = -2*g**2 + 9*g. Calculate the remainder when t is divided by n(3).
5
Calculate the remainder when 159 is divided by 1*14/(-77) + 3735/33.
46
Suppose 0*p = -z - 2*p - 1, -2*p = -4*z + 26. Suppose 0 = z*h - 80 + 2810. Calculate the remainder when h/(-10) + (-14)/(-35) is divided by 19.
17
Let i = 2 - -7. Calculate the remainder when 2/i - 1722/(-27) is divided by (-16)/(-24) - (-128)/6.
20
Let q(u) = 83*u**2 - 27*u + 27. Suppose -109 = -3*j - 2*s, -2*s - 111 = -5*j + 76. What is the remainder when q(1) is divided by j?
9
Suppose -4*o = -3*p - 2238, 3*o - 248 = 5*p + 3482. Let i = -674 - p. What is the remainder when i is divided by 15?
12
Let s(c) = 9*c - 322. Let j be s(36). Suppose j*h + 6*h = 808. What is the remainder when 603 is divided by h?
98
Let w(b) = 9*b**3 - 6*b**2 + b + 7. Let s be w(3). Suppose -6*a = 25 - s. What is the remainder when 110 is divided by a?
23
Let x(g) = 24*g**2 + g + 4. Let h be x(-1). Suppose h*a - 16*a = 704. What is the remainder when a is divided by 8?
0
Calculate the remainder when (-1944)/2*(-284)/1136 is divided by 13.
9
Let u be -6 - (-26 - 6) - -2. What is the remainder when 7/u + 4/((-80)/(-2075)) is divided by 35?
34
Suppose -3*h - 27 = -0*b - 4*b, 0 = -3*h + 3*b - 27. Let o(u) = -u**3 - 6*u**2 - 5*u - 31. Calculate the remainder when o(h) is divided by 37.
35
Let k = 2685 + -2310. What is the remainder when k is divided by 95?
90
Suppose x = -2*s + 179, -6*x - 200*s + 1046 = -195*s. What is the remainder when 4618 is divided by x?
1
Let a = -90 + 112. Let z be 2/11 - (-1976)/a. Suppose -4*t - 4*c + 312 = 0, -2*t + 4*c = -3*t + z. Calculate the remainder when t is divided by 19.
17
Let h = -1535 + 1560. What is the remainder when 824 is divided by h?
24
Suppose 5*s - 1 = -3*j - 3, -j - 4 = 0. Suppose -3*f + 190 = -s*t, 189 - 44 = 2*f - 5*t. What is the remainder when 356 is divided by f?
56
Let k = -115 - -314. Let n = k - 140. What is the remainder when 115 is divided by n?
56
Let l = -18 + 19. Let o(j) = 10*j - l + j**3 + 9*j - 17*j + 3*j**3 + j**2. What is the remainder when 8 is divided by o(1)?
2
Let t(f) = -22*f**2 + 205*f - 5. What is the remainder when 282 is divided by t(9)?
50
Let m(r) = 96*r - 281. Let t be m(5). Let v = t + -189. Let y = 51 + -17. What is the remainder when y is divided by v?
4
Let v(c) = 47*c**2 + 180*c + 4. What is the remainder when 125 is divided by v(-4)?
17
Let t = 9259 + 329. Calculate the remainder when t is divided by 139.
136
Suppose 3 = -z + 5*b, 4 - 89 = -5*z + 5*b. What is the remainder when 10311 is divided by z?
15
Let b be (28/70)/((-3)/(-15)). Suppose s = -b*a + 17, 70 - 23 = 3*s + 2*a. Calculate the remainder when 194 is divided by s.
14
Let r = 4616 + -6853. Let i = r - -3170. What is the remainder when i is divided by 24?
21
Suppose 3*n - 1436 = 2*x, 56*n - 54*n - 968 = -4*x. What is the remainder when n is divided by 75?
30
Let z = -1 + 0. Suppose -5*f - 28*j + 12 = -24*j, f = 8*j + 20. Calculate the remainder when f is divided by (-6)/(-3) - z - -1.
0
Suppose 5*a = 130*a + 4*a - 1548. Suppose 30 = m - 65. Let x = 141 - m. What is the remainder when x is divided by a?
10
Let p(j) = -2*j**2 + 93*j + 363. Suppose -3*h + 6 = -0*h. Suppose -h*l + 20 = -l + 5*t, -2*t + 98 = 4*l. Calculate the remainder when l is divided by p(50).
12
Suppose 25*f - 26*f - 3*d = -46, 0 = -5*f + 5*d + 230. Calculate the remainder when 825 is divided by f.
43
Suppose -126 = 13*l - 14*l. Suppose -419 = -5*n + l. Let h = -7 + 29. Calculate the remainder when n is divided by h.
21
Let y = 17 + -10. Let i be 10 - y - 1*3. Suppose -3*q + q + 35 = z, -3*z + q + 84 = i. Calculate the remainder when z is divided by 8.
5
Let t(f) = 8*f - 6. Let a be t(1). Let z be a/(-11) - 664/(-22). Let w = z + -15. What is the remainder when w is divided by 9?
6
Suppose 312 - 212 = -10*z. Calculate the remainder when ((-6)/z)/(53/6625) is divided by 30.
15
Let a be (-7 + 6)*(0 - 127). Suppose -11*s + 192 = -a. What is the remainder when s is divided by 11?
7
Calculate the remainder when ((-675)/1575)/((-9)/2478) is divided by ((-61)/3)/((-1)/3).
57
Suppose 3*a = -5*z + 52, -z - 60 = -4*a - 3*z. Let p = 23 - 9. Suppose 0 = -n - p + 49. Calculate the remainder when n is divided by a.
7
Let z(k)